lculate the greatest common divisor of 34 and 221.
17
Calculate the highest common divisor of 90345 and 285.
285
What is the greatest common divisor of 788 and 4?
4
What is the greatest common divisor of 8416 and 8?
8
Calculate the highest common divisor of 8 and 4856.
8
Calculate the greatest common divisor of 9 and 555.
3
Calculate the highest common divisor of 216 and 351.
27
What is the highest common divisor of 80 and 45?
5
What is the greatest common factor of 4890 and 180?
30
Calculate the highest common factor of 603 and 423.
9
What is the highest common factor of 54 and 252?
18
Calculate the highest common divisor of 1817 and 115.
23
Calculate the highest common factor of 204 and 1292.
68
What is the highest common divisor of 21 and 42?
21
Calculate the highest common divisor of 99 and 165.
33
Calculate the highest common factor of 301 and 344.
43
Calculate the highest common factor of 834 and 139.
139
What is the greatest common divisor of 4 and 5?
1
Calculate the greatest common divisor of 4 and 1724.
4
Calculate the greatest common factor of 20 and 60.
20
What is the greatest common factor of 559 and 129?
43
Calculate the highest common divisor of 42 and 3136.
14
Calculate the highest common divisor of 544 and 16.
16
Calculate the highest common factor of 612 and 12.
12
What is the greatest common factor of 216 and 1744?
8
Calculate the highest common divisor of 18 and 126.
18
Calculate the greatest common factor of 1750 and 28.
14
What is the greatest common factor of 48 and 168?
24
What is the highest common divisor of 2242 and 59?
59
Calculate the highest common divisor of 70 and 40.
10
Calculate the highest common factor of 21 and 11277.
21
Calculate the greatest common factor of 44 and 320.
4
Calculate the highest common factor of 2175 and 75.
75
Calculate the greatest common divisor of 2720 and 1280.
160
What is the highest common divisor of 24 and 384?
24
Calculate the greatest common divisor of 82 and 82.
82
What is the highest common divisor of 125 and 400?
25
What is the highest common factor of 912 and 2109?
57
Calculate the highest common divisor of 560 and 380.
20
Calculate the greatest common divisor of 198 and 18.
18
Calculate the highest common factor of 909 and 252.
9
Calculate the greatest common divisor of 65 and 325.
65
What is the greatest common divisor of 224 and 1806?
14
Calculate the highest common divisor of 176 and 22.
22
What is the highest common factor of 46455 and 285?
285
What is the highest common divisor of 27 and 6543?
9
What is the highest common factor of 301 and 7?
7
Calculate the highest common factor of 129 and 3.
3
Calculate the highest common factor of 8814 and 195.
39
Calculate the greatest common divisor of 1891 and 31.
31
Calculate the highest common factor of 322 and 2016.
14
Calculate the greatest common divisor of 13 and 39455.
13
Calculate the highest common factor of 77 and 55.
11
What is the greatest common divisor of 60 and 228?
12
Calculate the highest common divisor of 170 and 2295.
85
Calculate the greatest common factor of 231 and 5313.
231
Calculate the greatest common factor of 848 and 530.
106
Calculate the greatest common divisor of 3452 and 4.
4
Calculate the greatest common factor of 146 and 16.
2
Calculate the greatest common factor of 164 and 12.
4
Calculate the highest common factor of 55 and 19085.
55
What is the highest common factor of 200 and 12?
4
What is the greatest common factor of 27 and 54?
27
What is the greatest common factor of 1786 and 19?
19
Calculate the highest common divisor of 588 and 4452.
84
What is the highest common divisor of 32 and 80?
16
What is the highest common divisor of 434 and 14?
14
Calculate the highest common divisor of 2185 and 380.
95
What is the greatest common factor of 1261 and 65?
13
Calculate the highest common divisor of 6 and 96.
6
What is the highest common divisor of 1320 and 495?
165
What is the greatest common factor of 37 and 333?
37
Calculate the highest common divisor of 1470 and 75.
15
What is the greatest common divisor of 284 and 18176?
284
Calculate the highest common divisor of 1333 and 1376.
43
Calculate the greatest common factor of 40 and 16312.
8
Calculate the greatest common divisor of 574 and 14.
14
Calculate the highest common divisor of 284 and 124.
4
Calculate the highest common divisor of 15 and 30.
15
What is the greatest common factor of 90 and 540?
90
What is the greatest common factor of 62895 and 15?
15
Calculate the highest common divisor of 429 and 33.
33
Calculate the greatest common factor of 4 and 116.
4
What is the greatest common divisor of 3393 and 117?
117
What is the greatest common factor of 930 and 30?
30
Calculate the highest common divisor of 66 and 11847.
33
What is the highest common divisor of 102 and 6?
6
Calculate the greatest common factor of 1079 and 247.
13
Calculate the highest common divisor of 57 and 25213.
19
What is the greatest common factor of 8601 and 1464?
183
Calculate the greatest common factor of 155 and 3627.
31
Calculate the highest common factor of 92 and 414.
46
What is the greatest common divisor of 15 and 3?
3
Calculate the highest common divisor of 6 and 24162.
6
What is the highest common divisor of 39 and 273?
39
Calculate the highest common divisor of 25 and 190.
5
Calculate the greatest common factor of 66 and 6.
6
What is the highest common factor of 625 and 25?
25
What is the greatest common divisor of 4844 and 14?
14
Calculate the greatest common factor of 3 and 1497.
3
Calculate the highest common factor of 10860 and 180.
60
Calculate the greatest common divisor of 89 and 178.
89
Calculate the highest common divisor of 115 and 50485.
115
Calculate the greatest common divisor of 11 and 407.
11
Calculate the greatest common divisor of 36924 and 204.
204
What is the greatest common divisor of 76 and 8?
4
What is the greatest common divisor of 14 and 158?
2
What is the greatest common divisor of 48 and 588?
12
Calculate the greatest common divisor of 36002 and 94.
94
Calculate the highest common factor of 13117 and 13.
13
Calculate the highest common factor of 138 and 345.
69
Calculate the greatest common divisor of 782 and 74681.
391
What is the highest common factor of 1224 and 340?
68
Calculate the greatest common factor of 33153 and 258.
129
What is the highest common factor of 2064 and 903?
129
Calculate the greatest common factor of 7 and 42.
7
What is the greatest common factor of 747 and 72?
9
What is the highest common factor of 60 and 20?
20
Calculate the greatest common divisor of 57 and 1425.
57
Calculate the greatest common divisor of 35 and 1295.
35
Calculate the highest common factor of 95 and 304.
19
Calculate the greatest common divisor of 34 and 4216.
34
Calculate the highest common divisor of 51 and 119.
17
What is the greatest common factor of 1012 and 836?
44
What is the greatest common factor of 4 and 1024?
4
Calculate the highest common factor of 286 and 176.
22
What is the greatest common divisor of 159 and 583?
53
What is the greatest common divisor of 123 and 328?
41
What is the highest common divisor of 598 and 338?
26
Calculate the greatest common factor of 276 and 36.
12
What is the highest common factor of 5984 and 289?
17
What is the greatest common factor of 3141 and 18?
9
What is the greatest common divisor of 192 and 1662?
6
What is the highest common divisor of 8162 and 1232?
154
Calculate the highest common divisor of 171 and 144.
9
What is the greatest common divisor of 7037 and 454?
227
What is the greatest common divisor of 112 and 2048?
16
What is the highest common divisor of 744 and 24?
24
Calculate the greatest common divisor of 228 and 33972.
228
Calculate the greatest common factor of 44 and 33.
11
Calculate the greatest common divisor of 174 and 1682.
58
What is the highest common divisor of 1834 and 3144?
262
Calculate the highest common divisor of 434 and 15500.
62
What is the greatest common divisor of 427 and 793?
61
Calculate the highest common factor of 5782 and 98.
98
What is the greatest common divisor of 929 and 3?
1
Calculate the highest common divisor of 612 and 144.
36
What is the greatest common factor of 28 and 4480?
28
Calculate the greatest common divisor of 8750 and 25.
25
What is the gr